rime factors of 342.
2, 3, 19
What are the prime factors of 550?
2, 5, 11
List the prime factors of 44472.
2, 3, 17, 109
What are the prime factors of 24312?
2, 3, 1013
List the prime factors of 1212.
2, 3, 101
What are the prime factors of 951?
3, 317
List the prime factors of 23985.
3, 5, 13, 41
What are the prime factors of 25774?
2, 7, 263
List the prime factors of 49267.
19, 2593
What are the prime factors of 1746?
2, 3, 97
List the prime factors of 2487.
3, 829
What are the prime factors of 15375?
3, 5, 41
What are the prime factors of 157?
157
List the prime factors of 5266.
2, 2633
What are the prime factors of 1532?
2, 383
What are the prime factors of 192437?
7, 37, 743
What are the prime factors of 19681?
19681
List the prime factors of 2061.
3, 229
What are the prime factors of 32318?
2, 11, 13, 113
What are the prime factors of 3138?
2, 3, 523
List the prime factors of 1011.
3, 337
List the prime factors of 26561.
26561
What are the prime factors of 88506?
2, 3, 11, 149
List the prime factors of 18492.
2, 3, 23, 67
What are the prime factors of 6130?
2, 5, 613
List the prime factors of 295.
5, 59
What are the prime factors of 8040?
2, 3, 5, 67
List the prime factors of 1317.
3, 439
What are the prime factors of 2694?
2, 3, 449
What are the prime factors of 24235?
5, 37, 131
List the prime factors of 974.
2, 487
List the prime factors of 8005.
5, 1601
List the prime factors of 9130.
2, 5, 11, 83
List the prime factors of 130147.
130147
List the prime factors of 35329.
7, 103
What are the prime factors of 16257?
3, 5419
List the prime factors of 23152.
2, 1447
What are the prime factors of 7311?
3, 2437
List the prime factors of 2692.
2, 673
List the prime factors of 14397.
3, 4799
What are the prime factors of 1779?
3, 593
List the prime factors of 8869.
7, 181
What are the prime factors of 2882?
2, 11, 131
What are the prime factors of 762?
2, 3, 127
What are the prime factors of 57610?
2, 5, 7, 823
List the prime factors of 1309.
7, 11, 17
What are the prime factors of 918?
2, 3, 17
List the prime factors of 14383.
19, 757
What are the prime factors of 692?
2, 173
List the prime factors of 14490.
2, 3, 5, 7, 23
List the prime factors of 51034.
2, 17, 19, 79
List the prime factors of 779.
19, 41
What are the prime factors of 25265?
5, 31, 163
What are the prime factors of 1644?
2, 3, 137
List the prime factors of 6738.
2, 3, 1123
What are the prime factors of 756?
2, 3, 7
List the prime factors of 627.
3, 11, 19
What are the prime factors of 11117?
11117
List the prime factors of 46699.
17, 41, 67
List the prime factors of 106267.
7, 17, 19, 47
List the prime factors of 50404.
2, 12601
What are the prime factors of 764?
2, 191
What are the prime factors of 1234?
2, 617
What are the prime factors of 580?
2, 5, 29
List the prime factors of 883.
883
What are the prime factors of 1638?
2, 3, 7, 13
What are the prime factors of 47479?
79, 601
What are the prime factors of 8811?
3, 11, 89
What are the prime factors of 761?
761
List the prime factors of 87112.
2, 10889
What are the prime factors of 241?
241
What are the prime factors of 922?
2, 461
List the prime factors of 7375.
5, 59
What are the prime factors of 69038?
2, 34519
List the prime factors of 9045.
3, 5, 67
List the prime factors of 4581.
3, 509
List the prime factors of 3807.
3, 47
List the prime factors of 99377.
99377
List the prime factors of 58076.
2, 14519
What are the prime factors of 3535?
5, 7, 101
What are the prime factors of 2713?
2713
List the prime factors of 2308.
2, 577
List the prime factors of 853.
853
List the prime factors of 7434.
2, 3, 7, 59
What are the prime factors of 4188?
2, 3, 349
List the prime factors of 75656.
2, 7, 193
What are the prime factors of 42097?
11, 43, 89
List the prime factors of 31315.
5, 6263
What are the prime factors of 118235?
5, 13, 17, 107
List the prime factors of 108.
2, 3
What are the prime factors of 467?
467
List the prime factors of 107277.
3, 35759
List the prime factors of 22787.
22787
List the prime factors of 3470.
2, 5, 347
List the prime factors of 1027.
13, 79
List the prime factors of 20024.
2, 2503
List the prime factors of 4550.
2, 5, 7, 13
What are the prime factors of 7968?
2, 3, 83
List the prime factors of 32917.
32917
What are the prime factors of 55158?
2, 3, 29, 317
List the prime factors of 30491.
30491
What are the prime factors of 14970?
2, 3, 5, 499
What are the prime factors of 3974?
2, 1987
List the prime factors of 2943.
3, 109
List the prime factors of 5487.
3, 31, 59
What are the prime factors of 12389?
13, 953
What are the prime factors of 13909?
7, 1987
List the prime factors of 17923.
17923
What are the prime factors of 904?
2, 113
List the prime factors of 21709.
17, 1277
What are the prime factors of 2173?
41, 53
What are the prime factors of 53626?
2, 26813
What are the prime factors of 549?
3, 61
List the prime factors of 10063.
29, 347
What are the prime factors of 66062?
2, 17, 29, 67
List the prime factors of 599.
599
What are the prime factors of 11632?
2, 727
List the prime factors of 1910.
2, 5, 191
List the prime factors of 6329.
6329
List the prime factors of 103167.
3, 3821
What are the prime factors of 40522?
2, 20261
List the prime factors of 15919.
15919
List the prime factors of 66746.
2, 23, 1451
What are the prime factors of 673?
673
List the prime factors of 19074.
2, 3, 11, 17
What are the prime factors of 34740?
2, 3, 5, 193
What are the prime factors of 1911?
3, 7, 13
What are the prime factors of 39814?
2, 17, 1171
List the prime factors of 108640.
2, 5, 7, 97
List the prime factors of 24956.
2, 17, 367
List the prime factors of 1341.
3, 149
What are the prime factors of 8166?
2, 3, 1361
List the prime factors of 61026.
2, 3, 7, 1453
List the prime factors of 1201.
1201
What are the prime factors of 1750?
2, 5, 7
List the prime factors of 11698.
2, 5849
List the prime factors of 53394.
2, 3, 11, 809
What are the prime factors of 1166?
2, 11, 53
List the prime factors of 79591.
19, 59, 71
What are the prime factors of 278?
2, 139
List the prime factors of 4468.
2, 1117
What are the prime factors of 115280?
2, 5, 11, 131
List the prime factors of 140.
2, 5, 7
List the prime factors of 3308.
2, 827
What are the prime factors of 126247?
11, 23, 499
List the prime factors of 55887.
3, 13, 1433
List the prime factors of 8118.
2, 3, 11, 41
What are the prime factors of 545?
5, 109
List the prime factors of 1607.
1607
What are the prime factors of 860?
2, 5, 43
List the prime factors of 2156.
2, 7, 11
List the prime factors of 9936.
2, 3, 23
What are the prime factors of 3207?
3, 1069
What are the prime factors of 272?
2, 17
List the prime factors of 2014.
2, 19, 53
What are the prime factors of 23710?
2, 5, 2371
List the prime factors of 94912.
2, 1483
What are the prime factors of 8673?
3, 7, 59
List the prime factors of 68257.
7, 199
What are the prime factors of 25330?
2, 5, 17, 149
List the prime factors of 3828.
2, 3, 11, 29
What are the prime factors of 448?
2, 7
List the prime factors of 34.
2, 17
What are the prime factors of 34833?
3, 17, 683
List the prime factors of 29093.
47, 619
List the prime factors of 7223.
31, 233
What are the prime factors of 4318?
2, 17, 127
What are the prime factors of 1651?
13, 127
What are the prime factors of 6165?
3, 5, 137
List the prime factors of 3885.
3, 5, 7, 37
What are the prime factors of 124?
2, 31
What are the prime factors of 24?
2, 3
List the prime factors of 14961.
3, 4987
List the prime factors of 9919.
7, 13, 109
List the prime factors of 1753.
1753
List the prime factors of 860.
2, 5, 43
What are the prime factors of 5847?
3, 1949
What are the prime factors of 1912?
2, 239
What are the prime factors of 1369?
37
List the prime factors of 48227.
29, 1663
What are the prime factors of 12923?
12923
What are the prime factors of 4433?
11, 13, 31
What are the prime factors of 1425?
3, 5, 19
List the prime factors of 35405.
5, 73, 97
List the prime factors of 42549.
3, 13, 1091
List the prime factors of 357.
3, 7, 17
List the prime factors of 20205.
3, 5, 449
List the prime factors of 23823.
3, 2647
What are the prime factors of 5015?
5, 17, 59
What are the prime factors of 1720?
2, 5, 43
What are the prime factors of